6*h - 420, 5*y = 30. Let v = f + h. List the prime factors of v.
5
Let a(p) = -46*p**3 - 8*p**2 - 12*p - 12. Let s be a(-2). Let g = -2 + 6. Suppose 0 = -g*f + s + 52. List the prime factors of f.
2, 5
Suppose 5955 = 5*n - 3*b - 44464, -n = 3*b - 10091. List the prime factors of n.
5, 2017
Suppose -11*p + 28734 = -40597 - 39151. List the prime factors of p.
2, 4931
Suppose x + 9 = 5*s + 4, 29 = 2*s + 5*x. Let t be ((-9)/(-4))/(s/24*-1). Let z = t + 103. List the prime factors of z.
2, 19
Suppose -5*i + 30 = -30. Suppose 4*s - 2*w - i = 0, 4*s + 3*w = -10 + 2. What are the prime factors of ((-13)/(-26))/(s/178)?
89
Let t be 8/14 + -1 - 9196/(-28). Suppose t = 7*k - 5*k. Suppose 2*o - 5*s - 199 = -o, -3*o + k = 2*s. What are the prime factors of o?
2, 29
List the prime factors of (3128/(-276))/(3/(-3222)).
2, 17, 179
Let g be (-38)/(-9) - (-8)/(-252)*7. Suppose w - 108 = -g*l, 5*l - l = w + 116. What are the prime factors of l?
2, 7
Suppose -102*k = -72*k - 584850. List the prime factors of k.
5, 7, 557
Let n be ((-3483)/(-45))/(6/90). Let o = -299 + n. What are the prime factors of o?
2, 431
Suppose -8 - 2 = -5*p. Let j be 29/4*p*-6. Let a = j + 132. List the prime factors of a.
3, 5
Let i = -931 - -1085. Suppose -i*u - 1968 = -156*u. List the prime factors of u.
2, 3, 41
Let o(a) = -2*a**2 + 2*a + 21. Let n be o(5). Let i(l) = -l**3 - 17*l**2 + 22*l + 26. List the prime factors of i(n).
2, 3, 5, 11
Let k = 87 + 263. Suppose t - r = k, 2*r - 8 = -18. What are the prime factors of t?
3, 5, 23
What are the prime factors of ((-287453)/(-34) - 13)*(2 + 0)?
16883
Let b(n) = -n**3 - 2*n - 11. Let l(u) = 2*u**3 + u**2 + 5*u + 22. Suppose -9*a = 11 + 16. Let i(r) = a*l(r) - 5*b(r). List the prime factors of i(-5).
2
Suppose 659*o + 5*j - 46060 = 657*o, -4*o + 4*j = -92204. List the prime factors of o.
5, 11, 419
Suppose 7 - 11 = 2*k - 3*q, 0 = k - 4*q + 12. Suppose -k*t + 1226 = y + y, -5*y + 3043 = -t. List the prime factors of y.
3, 7, 29
Let r = -23287 - -44258. What are the prime factors of r?
67, 313
Suppose -2*u = 4*i - 4290, 2*u + 74*i - 4280 = 72*i. What are the prime factors of u?
5, 7, 61
Let o(p) = -101*p + 10. Let r = 85 - 87. Let f be o(r). Let h = f - 111. What are the prime factors of h?
101
Let z(r) = -r**3 - 78*r**2 - 19*r + 623. List the prime factors of z(-79).
5, 7, 239
Let d(q) = 8*q + 33. Let t be d(13). Suppose t = 2*r - 195. Suppose -2*x - o + r = 0, -5*o = 4*x - 2*x - 150. List the prime factors of x.
5, 17
Let k(l) be the second derivative of l**5/20 - 3*l**4/4 + l**3 + 12*l**2 + 20*l. Let a be k(8). Let i(h) = 11*h - 31. List the prime factors of i(a).
3, 19
Let x = 18 + -15. Suppose -w = -o - 0*o - 407, x*o = -5*w + 2003. Suppose 4*j = 3*b + w, -4*j = 3*b - 0*b - 421. List the prime factors of j.
103
Suppose -159 = 3*b - 75. What are the prime factors of (-2)/(-4) - 26782/b?
3, 11, 29
Let i = -12 - -39. Suppose -4*f + 81 = -5*h, -f - 3*h + 6 = -i. Suppose 23*v - f*v + 5 = 0. What are the prime factors of v?
5
List the prime factors of 4908 - (-1)/1*-2.
2, 11, 223
Suppose 10*h - 1035 = 2935. Suppose -5*o + 95 = -z + 2*z, -5*z + o + h = 0. What are the prime factors of z?
2, 5
Let u(z) = -437*z - 303. What are the prime factors of u(-9)?
2, 3, 5, 11
Suppose 18*n - 221787 - 161523 = 0. What are the prime factors of n?
5, 4259
Let q(g) = 49*g**3 + 3*g**2 + g - 9. Let n be q(3). Suppose -n = -2*w - 308. List the prime factors of w.
2, 7, 37
Let z be 209/133 - 6/(-14). Suppose z*j = -16*j + 9882. What are the prime factors of j?
3, 61
Let t be (-50)/6*5/((-50)/12). Let i(n) = -28 + 14 + t - 71*n. List the prime factors of i(-2).
2, 3, 23
Let i(v) = 908*v - 3674. List the prime factors of i(7).
2, 3, 149
Let h(g) = 673*g - 14. Let u be h(1). Let c = 78 + u. List the prime factors of c.
11, 67
Suppose -4*o = -2*k - 2649 + 24587, 2*o = -k + 10981. List the prime factors of k.
5, 439
What are the prime factors of 110494/10 + (-474)/1185?
3, 29, 127
Suppose 10 = 5*c, -7*x - 2466 = -12*x + 2*c. Let f = x + -69. List the prime factors of f.
5, 17
List the prime factors of -2 - 240/(-114) - 1458225/(-57).
25583
Suppose -251*s = -261*s - 280. What are the prime factors of (-1720)/6*126/s?
2, 3, 5, 43
Let o be 6*(-2)/(-8)*(1 + 1). Suppose -o*l = 2 - 11. Suppose -g + l*b = -70, -4*g + 4*b + 280 = -b. List the prime factors of g.
2, 5, 7
Let q = -30 + 36. Let j(z) = z**2 - 10*z + 8. Let f be j(q). Let v(g) = -g**3 - 15*g**2 + 10*g - 9. What are the prime factors of v(f)?
3, 29
Let j = -24 - -181. Suppose 48 = -u + j. Let w = -58 + u. What are the prime factors of w?
3, 17
Suppose 0 = -5*x - 5, d - 3*x + 2 = x. Let g be ((-20)/d)/((-11)/66). Let h = g - -113. List the prime factors of h.
3, 31
Suppose -4*y = 10*y. Suppose y = -4*u + 1 - 333. Let g = -60 - u. What are the prime factors of g?
23
Let o be (81/(-15) - -3)/((-4)/(-10)). List the prime factors of -1010*2*(0 + o/30).
2, 101
Suppose -46*q + 581 = -53*q. Let n = q - -125. List the prime factors of n.
2, 3, 7
List the prime factors of 80248/(-224)*(-12 - -4).
2, 1433
Let w = -5665 - -11329. List the prime factors of w.
2, 3, 59
Let r = -779 - -782. Suppose 3*w = -r*k + 414, w + 4*k + k - 122 = 0. What are the prime factors of w?
2, 71
Let z = 32734 + -22879. What are the prime factors of z?
3, 5, 73
Let w be (-4)/18 - (-12557)/9. Suppose -1397*i + w*i = -982. List the prime factors of i.
491
Suppose 78 = -2*r + 2*h + 344, 4*r = -5*h + 559. Suppose -290 = -6*m + r. What are the prime factors of m?
71
Suppose 0 = -4*j + 3192 + 19228. Suppose -6*v + v + 5641 = -4*q, -5*v - 5*q = -j. List the prime factors of v.
3, 5
Let w = 599 + -243. Let m = -532 + w. Let h = m + 301. What are the prime factors of h?
5
Let d be ((-14)/(-49))/((-4)/(-140)). Suppose d*z - 3027 = 1843. Let x = -256 + z. What are the prime factors of x?
3, 7, 11
Let u(s) = 3*s**3 - 3*s**2 + 2*s - 3. Let l be u(2). Suppose -d + 2*o - l = 0, -d + o = d + 29. What are the prime factors of (-2)/d - (-1029)/45?
23
Let r be 1 + -5 + 8 + 126. Suppose -f - f = -4*s - 108, -3*s + 227 = 4*f. Let t = r - f. What are the prime factors of t?
2, 37
Suppose 2*c = -10*k + 7*k - 339, -4*k + 153 = -c. List the prime factors of (-35630)/c*3 - 14/(-77).
2, 3
Suppose -10*d + 3*k - 9628 + 127980 = 0, d + k = 11830. What are the prime factors of d?
2, 61, 97
Let z(d) = d**3 + 23*d**2 - 15*d + 141. List the prime factors of z(-18).
3, 677
List the prime factors of (-9*1/(-15))/((-4)/20) - -7764.
3, 13, 199
Suppose r - 17 = -16*r. List the prime factors of (46/(-6) - r)/(169/(-27885)).
2, 5, 11, 13
Suppose 4*w - 3 = -4*u + 5, 0 = 5*w + u - 30. Suppose -9*n + w = -2. List the prime factors of 2 - n/(3/(-396)).
2, 67
Suppose -5*g + 3 = -8*g. Let x be -2*3/6 + (-49)/g. Suppose 4*k - x = 3*k - 5*b, 5*b - 25 = 0. List the prime factors of k.
23
Let c(y) = 11*y - 40. Let u be c(5). Suppose 4*f - u = 7*f. What are the prime factors of 67 + -5 - (2 + f)?
5, 13
Suppose 0 = 122*b - 125*b + 84. Suppose -11*m + 63960 = b*m. List the prime factors of m.
2, 5, 41
Let c(a) = -514*a - 15. Let r(k) = -517*k - 15. Let v(s) = -3*c(s) + 4*r(s). What are the prime factors of v(-2)?
17, 61
Let m be (7905/(-18) - -6) + (-1)/(-6). Let w = m - -946. What are the prime factors of w?
3, 19
Suppose -4*t + 5*s + 3403 - 8420 = 0, 5*t + 6299 = -3*s. List the prime factors of (-1 - 6) + (12 - t).
3, 421
Let q be (14 + -14)*2/(-2). List the prime factors of (-163280)/(-312) - (1/3 - q).
523
Let o = 7646 - 1389. List the prime factors of o.
6257
Let l = -3571 - -13113. What are the prime factors of l?
2, 13, 367
Suppose 5*w = 2*q + 5, -2*w = 2*q - 5*w + 15. Let c be (155/q)/((-3)/(-45)*-1). Suppose 5*g - c = g + r, 4*g = 3*r + 161. What are the prime factors of g?
2, 19
List the prime factors of (23522967/378 - 3/(-7)) + (-195)/78.
2, 47, 331
Suppose -160*x = -163*x + 4866. Suppose 4*w + 5*i - 2221 = 0, i + 4*i = 3*w - x. What are the prime factors of w?
3, 61
Let f = -123 - -663. Let u = f + 315. List the prime factors of u.
3, 5, 19
Let s(w) = -w**3 + 9*w**2 + 43*w + 8. Let l be s(-13). Let h = -1976 + l. List the prime factors of h.
3, 397
Let c(v) = v**2 + 24*v + 139. Let f be c(-14). Let r be 2/4*(-1 + 1). List the prime factors of r/(-4) - f - -25.
2, 13
Let d(v) = -25*v 